 is the hundred thousands digit of 659103?
6
What is the hundred thousands digit of 221189?
2
What is the ten thousands digit of 608723?
0
What is the units digit of 1425?
5
What is the ten thousands digit of 459325?
5
What is the ten thousands digit of 9870145?
7
What is the units digit of 831065?
5
What is the hundred thousands digit of 1005692?
0
What is the ten thousands digit of 13535658?
3
What is the hundreds digit of 375243?
2
What is the millions digit of 11800008?
1
What is the hundreds digit of 61546?
5
What is the tens digit of 607868?
6
What is the tens digit of 658780?
8
What is the hundreds digit of 44218096?
0
What is the thousands digit of 2655296?
5
What is the thousands digit of 742544?
2
What is the millions digit of 5694884?
5
What is the tens digit of 289304?
0
What is the units digit of 16380744?
4
What is the units digit of 180579?
9
What is the hundreds digit of 7812701?
7
What is the tens digit of 679735?
3
What is the units digit of 35521249?
9
What is the hundreds digit of 190419?
4
What is the tens digit of 144790?
9
What is the ten thousands digit of 493908?
9
What is the ten thousands digit of 628165?
2
What is the hundreds digit of 2112255?
2
What is the hundreds digit of 594255?
2
What is the hundreds digit of 396414?
4
What is the thousands digit of 36229?
6
What is the hundred thousands digit of 121895?
1
What is the hundred thousands digit of 293610?
2
What is the hundreds digit of 962720?
7
What is the hundreds digit of 162755?
7
What is the ten thousands digit of 5880786?
8
What is the ten thousands digit of 56057?
5
What is the hundreds digit of 25509044?
0
What is the thousands digit of 3554337?
4
What is the ten thousands digit of 2295121?
9
What is the thousands digit of 16980805?
0
What is the hundred thousands digit of 393649?
3
What is the millions digit of 24643967?
4
What is the millions digit of 7260914?
7
What is the units digit of 875612?
2
What is the thousands digit of 1403977?
3
What is the hundred thousands digit of 264362?
2
What is the ten thousands digit of 733014?
3
What is the tens digit of 1468230?
3
What is the millions digit of 1737104?
1
What is the millions digit of 2181696?
2
What is the millions digit of 11200472?
1
What is the thousands digit of 854288?
4
What is the ten thousands digit of 3569971?
6
What is the tens digit of 80600?
0
What is the millions digit of 15350894?
5
What is the hundred thousands digit of 32910327?
9
What is the tens digit of 735155?
5
What is the hundreds digit of 15299602?
6
What is the millions digit of 4408962?
4
What is the thousands digit of 72667?
2
What is the thousands digit of 451455?
1
What is the hundred thousands digit of 131826?
1
What is the units digit of 2417856?
6
What is the units digit of 1285576?
6
What is the hundred thousands digit of 6737345?
7
What is the hundreds digit of 2750501?
5
What is the units digit of 257683?
3
What is the units digit of 1997082?
2
What is the thousands digit of 1648640?
8
What is the hundreds digit of 194099?
0
What is the thousands digit of 2357040?
7
What is the ten thousands digit of 370386?
7
What is the ten thousands digit of 205925?
0
What is the thousands digit of 1799046?
9
What is the ten thousands digit of 12314?
1
What is the ten thousands digit of 371995?
7
What is the ten thousands digit of 365294?
6
What is the tens digit of 724390?
9
What is the millions digit of 6597348?
6
What is the ten thousands digit of 8586995?
8
What is the tens digit of 9484351?
5
What is the ten thousands digit of 125488?
2
What is the millions digit of 6131330?
6
What is the hundreds digit of 331699?
6
What is the hundred thousands digit of 442280?
4
What is the hundreds digit of 37995?
9
What is the millions digit of 8296266?
8
What is the millions digit of 11800818?
1
What is the hundreds digit of 1694731?
7
What is the units digit of 4121240?
0
What is the hundred thousands digit of 2897026?
8
What is the ten thousands digit of 15889544?
8
What is the hundreds digit of 566203?
2
What is the thousands digit of 91486?
1
What is the thousands digit of 56425?
6
What is the tens digit of 2739101?
0
What is the ten thousands digit of 672583?
7
What is the ten thousands digit of 289442?
8
What is the hundred thousands digit of 875150?
8
What is the hundred thousands digit of 843252?
8
What is the units digit of 555258?
8
What is the hundreds digit of 391118?
1
What is the units digit of 19394672?
2
What is the hundred thousands digit of 441983?
4
What is the ten thousands digit of 460923?
6
What is the hundred thousands digit of 391155?
3
What is the hundred thousands digit of 946636?
9
What is the hundred thousands digit of 536055?
5
What is the hundreds digit of 65403?
4
What is the hundred thousands digit of 1347418?
3
What is the units digit of 11303390?
0
What is the ten thousands digit of 223638?
2
What is the hundred thousands digit of 7078224?
0
What is the ten thousands digit of 577949?
7
What is the thousands digit of 123778?
3
What is the units digit of 2364315?
5
What is the hundreds digit of 152577?
5
What is the units digit of 1255301?
1
What is the units digit of 5200843?
3
What is the millions digit of 2377140?
2
What is the hundred thousands digit of 214284?
2
What is the hundreds digit of 387070?
0
What is the tens digit of 1151240?
4
What is the tens digit of 2180623?
2
What is the units digit of 52046?
6
What is the hundreds digit of 266705?
7
What is the thousands digit of 174547?
4
What is the units digit of 508615?
5
What is the ten thousands digit of 258437?
5
What is the thousands digit of 1355926?
5
What is the hundred thousands digit of 693844?
6
What is the hundred thousands digit of 1640570?
6
What is the millions digit of 1038550?
1
What is the hundred thousands digit of 373156?
3
What is the hundreds digit of 13675084?
0
What is the millions digit of 3419524?
3
What is the thousands digit of 1102593?
2
What is the tens digit of 389638?
3
What is the millions digit of 13048510?
3
What is the hundreds digit of 24834615?
6
What is the ten thousands digit of 256166?
5
What is the tens digit of 203808?
0
What is the tens digit of 288620?
2
What is the hundreds digit of 4944513?
5
What is the ten thousands digit of 17464?
1
What is the tens digit of 1940483?
8
What is the thousands digit of 411458?
1
What is the units digit of 16242027?
7
What is the millions digit of 7487718?
7
What is the tens digit of 993202?
0
What is the hundred thousands digit of 1152150?
1
What is the ten thousands digit of 182288?
8
What is the units digit of 187729?
9
What is the ten thousands digit of 4317833?
1
What is the tens digit of 1913028?
2
What is the tens digit of 8927184?
8
What is the hundreds digit of 1518038?
0
What is the ten thousands digit of 2043450?
4
What is the units digit of 5833556?
6
What is the thousands digit of 139995?
9
What is the tens digit of 4709176?
7
What is the units digit of 179111?
1
What is the units digit of 963980?
0
What is the thousands digit of 1305349?
5
What is the hundreds digit of 56124?
1
What is the tens digit of 295958?
5
What is the hundreds digit of 543839?
8
What is the ten thousands digit of 3520984?
2
What is the hundreds digit of 167955?
9
What is the ten thousands digit of 21475090?
7
What is the hundred thousands digit of 656867?
6
What is the tens digit of 264653?
5
What is the hundreds digit of 288387?
3
What is the millions digit of 20360889?
0
What is the hundred thousands digit of 26745359?
7
What is the hundreds digit of 573065?
0
What is the hundred thousands digit of 8647853?
6
What is the ten thousands digit of 26848?
2
What is the thousands digit of 534317?
4
What is the tens digit of 71641?
4
What is the tens digit of 5943060?
6
What is the hundreds digit of 936569?
5
What is the units digit of 538956?
6
What is the tens digit of 142839?
3
What is the tens digit of 490644?
4
What is the tens digit of 31351?
5
What is the thousands digit of 143663?
3
What is the thousands digit of 58034?
8
What is the units digit of 382130?
0
What is the tens digit of 225230?
3
What is the tens digit of 34298?
9
What is the units digit of 3843856?
6
What is the thousands digit of 254071?
4
What is the units digit of 543809?
9
What is the hundreds digit of 23